6*x - 66. Let i be r(32). Let j(u) = -u**2 + 14*u + 30. Determine j(i).
-2
Let u(y) = -1657*y + 0 + 4 + 1665*y - 4*y**2. What is u(4)?
-28
Suppose b - 4 = t, -t = 6*b - 4*b - 17. Suppose b = -5*f - 4*y - 0*y, 0 = -3*f + 2*y - 13. Let k(s) = -s**3 - 2*s**2 + 4*s + 4. Calculate k(f).
1
Let w(c) = -74*c + 504. Let a be w(7). Let i(t) = 3*t + 19. Determine i(a).
-23
Suppose -708 + 1821 = 152*f - 1623. Let o(r) = -r**2 + 12*r + 109. What is o(f)?
1
Let h(g) = -223*g - 223*g - g**2 - 224*g - 15 - 217*g + 898*g. Determine h(6).
15
Let a(h) = 13*h - 260. Let l be a(18). Let g(c) = c + 41. Determine g(l).
15
Let p = 100 - 0. Let x be 1/(-2) - (-1660)/8. Let h(o) = x*o - p*o - 99*o. What is h(1)?
8
Let t(n) = 5*n**2 - 1. Suppose -8*c = 474 - 26. Let i = c + 52. Let z be -1*(i/2)/(-2). What is t(z)?
4
Let i(r) be the first derivative of r**2/2 - 35*r + 2441. What is i(37)?
2
Suppose x + 11 = 5*r, -9*x - 4*r = -5*x + 68. Let o(v) = 6*v + 15. Give o(x).
-81
Let l(p) = p**3 - 22*p**2 + 22*p - 27. Let t be -11 + -1 + 123 + (0 - 6). Suppose 0 = 3*c - 3*f - 33 - 30, -5*c + t = -3*f. Give l(c).
-6
Let y(p) = 5*p - 2*p**2 + 1 + 4*p + 1. Let n be (-12508)/(-2596) + 2 + (-40)/22. Let w be y(n). Let b(l) = -l**2 + 4. Calculate b(w).
-5
Let w(g) = g**3 + 17*g**2 - 38*g + 17. Suppose -9*d = 6*d - 2075 + 2360. Calculate w(d).
17
Let y(i) = 5*i**3 - 3*i**2 + 2. Let o be y(2). Let j(x) = -x**3 - x**2 - 41*x + 136. Let f be j(3). Let p = o + f. Let l(z) = z**2 - 9*z + 6. Determine l(p).
-8
Let k(a) = -15*a + 2*a**3 + 233*a**2 - a**3 + 8 + 233*a**2 - 452*a**2. What is k(-15)?
8
Suppose 5869 + 367 = 4*l. Let q(p) = l*p - 1 - 781*p - 779*p. Calculate q(5).
-6
Let v be 5/(-3) - (-10)/6. Suppose v = 58*y - 60*y + 18. Let q(o) = -o**3 + 7*o**2 + 20*o - 13. What is q(y)?
5
Let v = 6 - 0. Suppose v*a - 2*a = 36. Let c(h) be the second derivative of -h**4/12 + 3*h**3/2 - 6*h**2 + 557*h - 1. Determine c(a).
-12
Let d(v) = -2*v - 14. Let t(w) = 18*w**3 - w**2 + 4*w - 2. Let j be t(2). Let h = j + -158. Calculate d(h).
10
Let l(a) = -11*a - 19. Let m be l(-4). Let p = 18 - m. Let h(s) = 7 - s + 0*s - 8. Determine h(p).
6
Let x = 267 + -263. Let s(p) = x*p - 121*p**3 - 124*p**3 + 2 + 244*p**3 - 7*p**2. What is s(-7)?
-26
Suppose -1008 = -2*v - 2*v. Let r(p) = v + 257 - 505 + p. Calculate r(-4).
0
Let x(l) = -26 + 21 + 2*l**2 + 2129*l - 7 - 2126*l. Suppose 0 = 3*c - 3*h, -3*c + h - 16 = 2*c. Calculate x(c).
8
Let w(a) = -a - 21. Let u(n) = 2*n + 32. Suppose -5*y - 1 = o, -28 = 11*o - 6*o + 2*y. Let t(p) = o*w(p) - 4*u(p). Let z be (-2)/5 - 36/10. Determine t(z).
6
Let z be 219/(-5475) - (-1)/25. Let q(b) = 7 - 2*b + 0*b + 3*b. Determine q(z).
7
Let c = -16 + 5. Let v = c - -22. Suppose -g = 3*d + 2*g + 3, -5*d - v = -g. Let h(m) = m + 2. What is h(d)?
0
Let o = -50 + 41. Let z(l) be the third derivative of -l**6/120 - l**5/6 - 7*l**4/24 - l**3/6 - 44*l**2. Determine z(o).
-19
Suppose 18*p = 20*p - 22. Let o(i) = -5 + 50*i**2 - 49*i**2 + 4 - 12*i + 17. Give o(p).
5
Let a(l) = l**3 - 68 - 16*l + 224 + 24*l + 30*l**2 - 3*l. Give a(-30).
6
Suppose -3*o - 944 = -932. Let h(j) be the third derivative of -j**7/5040 + j**6/180 - j**5/30 + 2*j**2. Let c(g) be the third derivative of h(g). Give c(o).
8
Let v(o) be the first derivative of -o**7/840 - 7*o**6/360 - o**5/40 - o**4/12 + 16*o**3 + 37. Let k(d) be the third derivative of v(d). What is k(-6)?
-20
Let k(n) be the second derivative of -n**4/3 + n**3/2 + n**2 - 1590*n. Determine k(2).
-8
Suppose -5*r + 1312 = 4*d, -1645 = -5*d - 5*r - 0*r. Let l = d + -323. Let p(m) = -m**2 + 9*m + 12. What is p(l)?
2
Suppose 0 = -r + 7*r - 30. Let t(h) = -h + r - h**2 - 5*h + 2*h. Give t(-5).
0
Let o(t) = 1 - 2*t - 4 - 5*t**2 + 1. Suppose 5987 - 2416 = -543*b + 2485. Determine o(b).
-18
Let v(w) = -71*w**2 - 6*w - 2. Let k(c) = -5*c**2 - c. Let q(o) = 14*k(o) - v(o). Let i be ((-8)/6)/(2/(-6)). Determine q(i).
-14
Let y(p) = -9*p + 58. Let q(d) = 20*d - 152. Let l(j) = -6*q(j) - 13*y(j). Determine l(54).
-4
Let o(h) be the first derivative of -h**5/20 + h**4/4 + h**3/3 - 3*h**2/2 + 84*h + 22. Let a(x) be the first derivative of o(x). Calculate a(4).
-11
Let d(i) = i**2 + 8*i - 5. Let x = 7 + -15. Let q be d(x). Let g(v) = -4*v**2 - 5*v + 41*v**2 - 33*v**2 + v**3 + 4. Determine g(q).
4
Let i be (-27)/(-10) + ((-8448)/(-160))/(-44). Let h(p) be the first derivative of -8*p - 12 - i*p**2. What is h(7)?
-29
Let g(u) = -3*u**2 + 48*u + 40. Let x = 4529 - 4512. Determine g(x).
-11
Suppose 4*k - 3*g - 165 = 0, 58 - 143 = -2*k + g. Let d = 46 - k. Let t(r) = 24*r. What is t(d)?
24
Let n(m) = -121 + 230 - 9*m**3 - 111 - 2*m - 10*m**2 + 6*m + 8*m**2. What is n(1)?
-9
Let r = -3 - -9. Let a(p) = 3*p**2 - 7*p**3 + 4 + 2*p**2 + 11*p**3 + 7*p - 5*p**3. Calculate a(r).
10
Let h(l) = 18*l**2 + 3*l - 4. Let p(j) = 34*j**2 + 6*j - 7. Let v(m) = -m**3 - 18*m**2 + 19*m + 11. Let o be v(-19). Let g(z) = o*h(z) - 6*p(z). Give g(-2).
-20
Let j(b) = -b**2 - 10*b - 4. Let y be j(-9). Suppose -4*o - 13 = v, -v - 6 - 11 = y*o. Let f(h) = -5*h**2 - v*h + 2*h**3 - h**3 - 1 + 3*h**2 - 1. What is f(-2)?
-12
Let t(i) be the second derivative of i**5/20 + 3*i**4/4 + 5*i**3/3 + 6*i**2 + i. Let y = -43 - -139. Suppose 0 = -s - 11*s - y. Determine t(s).
-4
Let l = 200 - 664. Let v = l - -469. Let x(g) = g - 6. What is x(v)?
-1
Let r(f) = -f**2 - 57*f - 602. Let y be r(-14). Let m(g) be the first derivative of -1/2*g**2 + 13 + y*g. Give m(6).
-6
Let y(z) = -z + 5. Suppose 5*p = -3*w + 152, -117 = -4*w - 4*p + 75. Let m = -44 + w. Give y(m).
5
Let u(n) be the second derivative of -n**6/360 - n**5/24 + n**4/3 + 35*n**3/6 - 138*n. Let m(i) be the second derivative of u(i). Give m(-5).
8
Let x(i) = 14*i + 6. Let c(h) = 5*h + 2. Let d be 6/(-15) + ((-462)/(-35))/3. Let o(u) = d*x(u) - 11*c(u). Calculate o(11).
13
Let h(i) = 31*i**3 + 20*i**2 + 21*i - 5. Let o(y) be the first derivative of 3*y**4/2 + 4*y**3/3 + 2*y**2 - y + 43. Let g(u) = 2*h(u) - 11*o(u). Give g(-2).
21
Let q(x) = -10*x + 8*x - 9*x**2 + x**2. Suppose 9 = 6*c - 3*j, 5*c + 3*j = -4 + 17. Determine q(c).
-36
Suppose 0 = 108*s - 8*s - 400. Let k(u) be the second derivative of -5/12*u**s - 4*u - 2*u**2 + 0 + 1/6*u**3 + 1/20*u**5. Calculate k(5).
1
Let t be (-12)/(-114) + -5 + (-1582)/(-133). Let k(i) = -2*i**2 + 15*i + 4. What is k(t)?
11
Let d(s) = -1477*s - 44*s**2 - 34 - 5 + 3050*s - 1575*s - 2*s**3. Give d(-22).
5
Let x = 68 - 66. Let w(b) = 3*b**3 - 10*b**2 + 9*b - 10. Let q(m) = 4*m**3 - 11*m**2 + 10*m - 10. Let s(r) = x*q(r) - 3*w(r). Give s(7).
10
Let o(n) be the second derivative of -9*n**5/20 - n**4/6 + n**2 - 2585*n. Determine o(-1).
9
Suppose 0 = -7*h + 11*p - 7*p + 25, -6 = -h + 3*p. Let z(t) be the first derivative of 2*t - 13 - 1/3*t**h + 7/2*t**2. Determine z(6).
8
Let n(o) = -o**2 + 3*o + 3. Let z(b) be the first derivative of b**4/2 - 11*b**3/3 + 7*b**2/2 - 4*b - 104. Let x be z(5). What is n(x)?
-15
Let i(b) = b**3 - 6*b**2 + 7*b - 4. Suppose 20*c = 21*c. Suppose -5*a + a + 48 = c. Suppose 0 = 16*u - a*u - 20. Determine i(u).
6
Let b be 6560/12*(-30)/20. Let w be (-4)/26 + b/(-260). Let k(d) = -d**2 + 4*d. Give k(w).
3
Let n be (-7 + -2)*218/(-327). Let t(u) be the third derivative of -u**5/60 + u**4/6 + u**3/6 - u**2. Give t(n).
-11
Suppose 3*o = 5*o - 4. Suppose -4*u + y + 10 - o = 0, -5*u - 5*y = -35. Let b(v) = 2*v**2 + 2 + 25*v**2 - 14*v**2 - 12*v**2 - 3*v. Determine b(u).
2
Let m(g) be the third derivative of -g**6/60 + 7*g**5/30 - 5*g**4/12 - 17*g**3/6 + 57*g**2 + 101*g. Determine m(6).
-5
Let m(q) = -3*q**2 - 13*q + 9. Let p = -213 + 211. Let k(t) = 10*t**2 + 40*t - 29. Let x(z) = p*k(z) - 7*m(z). Determine x(-12).
7
Let c be (2 - (-26)/(-12)) + 49161/126. Let n be 1*(-2)/3*c/20. Let b(m) = m**2 + 12*m - 10. Calculate b(n).
3
Let g(y) = -45*y + 16 + 34 - y**2 + 17 - 76 + 18. Calculate g(-45).
9
Let x be (91/(-77) - -1) + (-4)/(-22). Suppose x = -20*p + 10*p. Suppose -v + 0*v + 5 = p. Let q(k) = -k**3 + 6*k**2 - 5*k + 4. Determine q(v).
4
Let k(v) be the second derivative of -v**3/6 + 17*v**2 + 3564*v. Calculate k(5).
29
Let c be ((-4)/10)/((-10)/25). Suppose -35*r = -27*r - 16. Let d(n) = -4*n**2 + n + n**r + 8*n**2 + 5*n**2. Determine d(c).
11
Let o(d) = -d**2 + 6*d + 11. Let n = -187 + -164. Let r = 